base 12, what is 253 - 0?
253
In base 4, what is -10 + -121330?
-122000
In base 7, what is 1655 + 3?
1661
In base 5, what is -134 + -10?
-144
In base 16, what is 3 + -19d?
-19a
In base 8, what is 2 + -1261?
-1257
In base 9, what is -227 - -1?
-226
In base 11, what is -3 - -18?
15
In base 11, what is -53a + -3?
-542
In base 11, what is -1999 + 0?
-1999
In base 7, what is 441 - -5?
446
In base 14, what is a1 + 0?
a1
In base 13, what is -38 + -17?
-52
In base 5, what is -3441 + 2?
-3434
In base 16, what is 5 + -141?
-13c
In base 13, what is 17 + 13?
2a
In base 12, what is -13 + -26?
-39
In base 13, what is 2803 - -4?
2807
In base 10, what is -9 + -13?
-22
In base 9, what is 1047 - 5?
1042
In base 8, what is -5 - -45?
40
In base 8, what is -1 + -15?
-16
In base 14, what is -644 + 0?
-644
In base 15, what is -2 + -5e?
-61
In base 11, what is -5 - 20a?
-214
In base 16, what is -a7 - 0?
-a7
In base 5, what is 4 + -13?
-4
In base 9, what is -260 + 5?
-254
In base 9, what is -347 - -16?
-331
In base 6, what is 3503 - 3?
3500
In base 8, what is -2 - -421?
417
In base 14, what is -16 + -6?
-1c
In base 12, what is -49 + -5?
-52
In base 10, what is -444 + 3?
-441
In base 6, what is -2555 - 2?
-3001
In base 12, what is -2 - 419?
-41b
In base 5, what is 24 - 1244?
-1220
In base 12, what is -ba5 + 6?
-b9b
In base 2, what is 0 - 1011?
-1011
In base 11, what is -190 + 5?
-186
In base 14, what is 27 + 1?
28
In base 5, what is 10 + 1043?
1103
In base 8, what is 765 + -2?
763
In base 6, what is -5 + -10340?
-10345
In base 12, what is -93 + 5?
-8a
In base 6, what is -5 + -2555?
-3004
In base 10, what is -2421 - -2?
-2419
In base 5, what is 400 + -3?
342
In base 10, what is 1 - 437?
-436
In base 4, what is -3123 + -32?
-3221
In base 16, what is 2 - -37?
39
In base 8, what is -2 - -54?
52
In base 9, what is 4 + -70?
-65
In base 5, what is 3 + 141?
144
In base 3, what is 0 + -12102102?
-12102102
In base 10, what is -122 + -11?
-133
In base 4, what is -210 - -333?
123
In base 16, what is -3d + 4?
-39
In base 2, what is 100101110 + -11?
100101011
In base 6, what is 442241 + -3?
442234
In base 14, what is -c3 - -1?
-c2
In base 11, what is -42a + 3?
-427
In base 15, what is 20e + 3?
212
In base 12, what is b + 43?
52
In base 8, what is 6 + 3?
11
In base 5, what is 10 + -4210?
-4200
In base 5, what is 343 - 4?
334
In base 14, what is -1 + d84?
d83
In base 7, what is 2355 - 10?
2345
In base 9, what is 10841 + 5?
10846
In base 12, what is 1b8a + 4?
1b92
In base 5, what is 11 - -42442?
43003
In base 3, what is -100 + -11021?
-11121
In base 7, what is -2340 + 2?
-2335
In base 6, what is 3 + -1511?
-1504
In base 5, what is -41 - 3?
-44
In base 10, what is 5 - 0?
5
In base 14, what is ac + 52?
120
In base 4, what is 2102 - 3112?
-1010
In base 3, what is 11 + -20111?
-20100
In base 7, what is -3 + 4026?
4023
In base 11, what is 4 - 263a?
-2636
In base 10, what is -5 - 3?
-8
In base 14, what is -1 + -58d?
-590
In base 4, what is 1202333 + 0?
1202333
In base 6, what is -1202 - -4?
-1154
In base 5, what is 332 + 10?
342
In base 13, what is a01 - -5?
a06
In base 14, what is 62d + 2?
631
In base 11, what is a - -14?
23
In base 16, what is 66 + 16?
7c
In base 11, what is 3 - 18?
-15
In base 4, what is 1300 + -10?
1230
In base 14, what is 106d + 2?
1071
In base 15, what is -30 - -7?
-28
In base 9, what is 83 + -7?
75
In base 14, what is -2 - -15?
13
In base 3, what is -121020102 - 11?
-121020120
In base 13, what is -8 + -c?
-17
In base 15, what is -2a - -1?
-29
In base 9, what is -2 - -2183?
2181
In base 16, what is 6 + 85?
8b
In base 4, what is 3 + -1120?
-1111
In base 12, what is -4 + -1188?
-1190
In base 11, what is -5 + -37a?
-384
In base 7, what is 4 - -146?
153
In base 10, what is -17 + 4?
-13
In base 11, what is 0 - 95?
-95
In base 16, what is b7c - -2?
b7e
In base 11, what is 5 - 5?
0
In base 10, what is -248 - -11?
-237
In base 6, what is 3015 - -1?
3020
In base 16, what is 1e + -235?
-217
In base 13, what is -2a7 - 2?
-2a9
In base 5, what is -4 + 1403?
1344
In base 2, what is -100010 + 1110?
-10100
In base 13, what is 3 + -14?
-11
In base 14, what is -6 - 51?
-57
In base 15, what is -1c - -1?
-1b
In base 7, what is 21 - -1?
22
In base 2, what is -111010 - 100111?
-1100001
In base 9, what is -15 + -128?
-144
In base 7, what is -3 - 2424?
-2430
In base 4, what is 2 - 100123?
-100121
In base 5, what is 0 + -141?
-141
In base 5, what is -123243 - -1?
-123242
In base 11, what is -19 - 920?
-939
In base 10, what is -1 - -100?
99
In base 9, what is 12 - -21?
33
In base 2, what is -11 - 1100100?
-1100111
In base 11, what is 3 - -46?
49
In base 3, what is -101 - -1111?
1010
In base 5, what is 0 + 313?
313
In base 5, what is 301 - 443?
-142
In base 16, what is 2f3 - -4?
2f7
In base 2, what is -1000011 + 100011?
-100000
In base 13, what is -62 + 2?
-60
In base 8, what is 2 + 425?
427
In base 10, what is 6 + -557?
-551
In base 10, what is -87 + 0?
-87
In base 11, what is 1 + 117?
118
In base 14, what is 19 + 2b?
46
In base 5, what is -22 + -3010?
-3032
In base 5, what is -110 - 1304?
-1414
In base 4, what is 10 + 322?
332
In base 8, what is 375 + -3?
372
In base 11, what is 2 - -22?
24
In base 10, what is 17 - 27?
-10
In base 16, what is 3 + a9?
ac
In base 4, what is 1 - 10133?
-10132
In base 14, what is -40c - -5?
-407
In base 10, what is 2 - 1317?
-1315
In base 3, what is -1220111 + -11?
-1220122
In base 4, what is -200 - -11?
-123
In base 15, what is 2 - 7d?
-7b
In base 14, what is 23 + -5?
1c
In base 16, what is 11 + 2?
13
In base 6, what is -10400 + 3?
-10353
In base 9, what is 127 - 6?
121
In base 3, what is 1 - -2122?
2200
In base 8, what is -753 + 2?
-751
In base 11, what is -1 - 4?
-5
In base 10, what is 571 - 1?
570
In base 8, what is 20431 - 2?
20427
In base 3, what is -10 - -10001110?
10001100
In base 3, what is 11 - -1210?
1221
In base 7, what is -11 + 316?
305
In base 11, what is -3 - 136?
-139
In base 16, what is 1 + -6c?
-6b
In base 15, what is -bc + 3b?
-81
In base 7, what is -5 - -23?
15
In base 13, what is -ab0 - 2?
-ab2
In base 12, what is 1 + 0?
1
In base 12, what is -5 + 3?
-2
In base 16, what is 0 + 68?
68
In base 12, what is -2 + -1b32?
-1b34
In base 2, what is -1101 - -111001011?
110111110
In base 13, what is 5 + a6?
ab
In base 7, what is -432 + -10?
-442
In base 11, what is -4 + -24?
-28
In base 9, what is 220 - 1?
218
In base 9, what is -4324 + 3?
-4321
In base 5, what is -1 - 24?
-30
In base 4, what is -1121 + -3?
-1130
In base 12, what is -22b + 2?
-229
In base 4, what is -3 - 1013?
-1022
In base 14, what is 3 - 40?
-3b
In base 3, what is -12 + -20220?
-21002
In base 6, what is -350 - 0?
-350
In base 10, what is -269 + 10?
-259
In base 11, what is a - 41?
-32
In base 16, what is 3a + -12?
28
In base 3, what is -2 - -21000220?
21000211
In base 3, what is 10012 + 11?
10100
In base 11, what is -195 - 0?
-195
In base 11, what is -124 - 1?
-125
In base 12, what is -639 - 3?
-640
In base 7, what is 2 + -145?
-143
In base 2, what is 11011110100 - 1?
11011110011
In base 15, what is -5c + 8?
-54
In base 14, what is 62 + 25?
87
In base 14, what is 1 + -244?
-243
In base 3, what is 221012 + 11?
221100
In base 2, what is -11110100 + -1?
-11110101
In base 4, what is 213 - 223?
-10
In base 14, what is -4 - -58?
54
In base 3, what is 10 - -10201?
10211
In base 15, what is 3 + 59?
5c
In base 14, what is 1 - 26c?
-26b
In base 7, what is -21 - 1?
-22
In base 13, what is -1 + -ac?
-b0
In base 10, what is 63 + 14?
77
In base 3, what is 2120 - 0?
2120
In base 6, what is -12 - -1035?
1023
In base 7, what is -2136 + 2?
-2134
In base 12, what is -760 + 1?
-75b
In base 8, what is -1374 + 14?
-1360
In base 7, what is 14 + -10?
4
In base 8, what is 0 + -1427?
-1427
In base 3, what is 10 - -1201?
1211
In base 3, what is -121211 + 2?
-121202
In base 15, what is -399 + -15?
-3ae
In base 9, what is 12 - 33?
-21
In base 7, what is 15 - 24?
-6
In base 4, what is -20 + 10030?
10010
In base 13, what is 2473 + 2?
2475
In base 3, what is 1011 - -22?
1110
In base 2, what is 110 + 1010000?
1010110
In base 5, what is 2333 + -4?
2324
In base 5, what is 14 + 31300?
31314
In base 16, what is -18 - b?
-23
In base 10, what is 26 - -36?
62
In base 4, what is 103310 - -1?
103311
In base 9, what is -17